y m/(-4)*60/(-15)?
2
Suppose 0*d - 5*d + 17 = q, -5*q - 4*d = -85. Suppose 2*l - 10 = 2*c, 4*c - 102 = -5*l - 32. What is the remainder when q is divided by l?
7
Let z = 1 + 15. Calculate the remainder when 63 is divided by z.
15
Let x(g) = g**3 + 6*g**2 + 2*g - 12. Let f be x(-5). Suppose -4*i - 5*c = -78, 3*i + 0*c - f*c = 45. Calculate the remainder when i is divided by 9.
8
Suppose r + 19 = 2*r. What is the remainder when 56 is divided by r?
18
Let w(b) = 25*b + 15. Let g be w(5). Suppose -102 = -2*d - 4*f, 2*d - 3*f + 45 = g. What is the remainder when d is divided by 17?
15
Suppose -5*f + 6*f = 4*r - 8, -5*f = -3*r + 6. Suppose f = -u + 1 + 11. What is the remainder when 22 is divided by u?
10
What is the remainder when 104 is divided by 3*(-3)/9*-21?
20
Suppose -6*d + 2*d = -128. What is the remainder when d is divided by (4 - 2)*(1 + 3 - -2)?
8
Suppose -4*g - g + 37 = 2*q, -79 = -5*q + g. Suppose 0*r - 5*r = 5*i + 100, -5*r = i + q. Let c = -9 - i. Calculate the remainder when 23 is divided by c.
11
Let j be (-2 + 2)/(-1 - 0). Suppose 3*v - 31 - 44 = j. What is the remainder when v is divided by 9?
7
Calculate the remainder when (-3)/30*-42*5 is divided by 6.
3
Suppose 9*i - 30 = 4*i. Calculate the remainder when 17 is divided by i.
5
Let j = -62 - -96. Calculate the remainder when j is divided by 9.
7
Let c = -3 - -2. Let x = c + 5. Calculate the remainder when x is divided by 2.
0
Let m = -247 + 249. Suppose 20 = 2*o + 2*o. What is the remainder when o is divided by m?
1
Let a = 189 + -129. Calculate the remainder when a is divided by 13.
8
Let l = -3 + -1. Let s be -7*(l/(-2) - 3). Suppose -5*j + s = -13. What is the remainder when 6 is divided by j?
2
Suppose 7*m + 636 = -4*j + 3*m, 0 = -4*m + 8. Let v = -51 - j. Suppose 4*l = -l + v. What is the remainder when l is divided by 12?
10
Suppose 5*b - 35 = -4*i + 3*i, 3*i = 4*b + 29. What is the remainder when 72 is divided by i?
12
Suppose 5 = -j + m + 15, 3*m + 56 = 5*j. What is the remainder when j is divided by 7?
6
Let b be -8*(-5 + 2/2). Suppose -w + 4*u = -2, 2*w - 3*u - b = -2*u. Calculate the remainder when 71 is divided by w.
17
Let m be -1*((-4)/(-2) - 2). Suppose 3*a - a - 70 = m. Let y = a + -24. What is the remainder when y is divided by 6?
5
Suppose -q - 283 = -4*j - 65, 2*j - 3*q = 114. What is the remainder when j is divided by 14?
12
Let d(j) = 2 - 8 - 3*j**3 + 0*j**3 - 7*j**2 - j + 5*j**3. What is the remainder when d(5) is divided by 17?
13
Let s be (-186)/10 + 2/(-5). Let b = -9 - s. Calculate the remainder when 37 is divided by b.
7
Suppose 0 = 2*v - 0*v + 4*h - 18, -5*v + 2*h + 93 = 0. Calculate the remainder when 31 is divided by v.
14
Suppose 5*l - 10 = -0. What is the remainder when 86 is divided by (18/27)/(l/66)?
20
Let w = -59 + 60. Calculate the remainder when 2 is divided by w.
0
Let d = 51 - -59. Let x = d + -75. Calculate the remainder when x is divided by 18.
17
Let n(h) = h**3 + 11*h**2 + 6*h - 6. What is the remainder when n(-8) is divided by 35?
33
Suppose 3*p + 4*k = 2*p + 33, 5*p = -3*k + 80. Suppose 4*v + 1 - 37 = 0. Suppose v = 2*s - 5. What is the remainder when p is divided by s?
6
Suppose 0 = -3*i + 40 + 29. What is the remainder when 66 is divided by i?
20
Let n be ((-2)/6)/((-2)/12). Suppose -2*a = i - 3, -6*a - 6 = -n*i - 2*a. Calculate the remainder when 4 is divided by i.
1
Suppose 0 = a - 2*x - 0*x - 18, 5*x + 5 = 0. What is the remainder when 46 is divided by a?
14
Let j = -12 + 18. What is the remainder when j is divided by 3?
0
Suppose 4 = -4*b - 5*g, -3*b + 28 = b - 3*g. Suppose 5*w = -2*k + 95, -b*k + 105 = 5*w - 0*k. What is the remainder when w is divided by (-2*1)/((-1)/3)?
5
Let h = 43 - 5. What is the remainder when h is divided by 16?
6
Let z be (-6)/((-5)/(30/9)). Suppose 3*b - 5*x + 12 - 73 = 0, 0 = -z*b - 2*x + 38. Let f(o) = o + 3. What is the remainder when b is divided by f(4)?
5
Suppose -27 = -8*o + 21. What is the remainder when o is divided by 1/((-1)/2) - -6?
2
Let l = -38 + 23. Let h(j) = -j - 13. Calculate the remainder when 4 is divided by h(l).
0
Suppose q - 127 = -5*k, -5*q = k - 0*q - 11. What is the remainder when 77 is divided by k?
25
Let s(m) = 2*m**2 - 3*m + 1. Let w = 14 - 8. Calculate the remainder when w is divided by s(2).
0
Let n = -21 - -34. Let i = -1 + n. What is the remainder when 34 is divided by i?
10
Let h = -16 - -45. What is the remainder when h is divided by 3?
2
Suppose 3*r - x + 6*x - 35 = 0, -r - 5*x = -25. Calculate the remainder when 17 is divided by r.
2
Let j = -18 + 28. Let q(t) = 3*t - 1. Let k be q(2). Suppose -4*n = 3*i - 15 - 3, 36 = k*n - 3*i. Calculate the remainder when j is divided by n.
4
Suppose -f + x + 16 - 9 = 0, 37 = 4*f + 5*x. Calculate the remainder when 10/(-2 - (-16)/6) is divided by f.
7
Let x be 0/3 + -2 + 2. Let q(u) = u**2 + x*u**2 + 4 - 3. What is the remainder when 3 is divided by q(-1)?
1
Let j(a) = -27*a + 13. Let y(o) = -14*o + 7. Let w(f) = 6*j(f) - 11*y(f). Suppose -4*u - 12 = -0*u. What is the remainder when w(u) is divided by 13?
12
Suppose 18 = -2*f - 5*v, 3*v - 2*v = -5*f - 45. Let x(o) = -o**3 + 4*o**2 + 4*o + 2. What is the remainder when (-100)/(-2) + (-18)/f is divided by x(4)?
16
Let s = 0 - -4. Let v = 6 - s. What is the remainder when v is divided by 1?
0
Suppose 8 = -0*z + 4*z. Suppose 4*u = -22 - z. Let s = -1 - u. What is the remainder when 8 is divided by s?
3
Let m = -37 - -111. What is the remainder when m is divided by 25?
24
Let w = -4 - -23. Suppose 5*n + 42 = 3*o - 6, 4*o = 2*n + 50. Calculate the remainder when w is divided by o.
8
Suppose -j + 74 = j. Let r = -17 - -6. Let q = 2 - r. What is the remainder when j is divided by q?
11
Let j(o) = -o**3 + 9*o**2 + 13*o - 16. Calculate the remainder when 51 is divided by j(10).
9
Suppose -3*k = -95 + 14. What is the remainder when 105 is divided by k?
24
Suppose -3*h + 6 = -h. Calculate the remainder when 9 is divided by h.
0
Suppose 3*r - 44 = -2*b - 2*b, -r - 2*b + 16 = 0. Calculate the remainder when 18 is divided by r.
6
Suppose -2*o - 2*n = -4, o = -3*n + 11 + 1. Calculate the remainder when 28 - o/((-2)/2) is divided by 14.
11
Let y be ((-28)/35)/(2/(-160)). Suppose 2*l + y = 6*l. Calculate the remainder when l is divided by 6.
4
Suppose -17 - 184 = -3*q. Calculate the remainder when q is divided by 18.
13
Let w(h) = -h**2 - 11*h + 10. Let o be w(-12). Let k(q) = 7*q**2 - 2*q - 2. Calculate the remainder when k(o) is divided by 11.
8
Let f(z) = z**2 + 4*z - 7. Suppose -44 = -5*q + 9*q. Let h = q + 29. What is the remainder when h is divided by f(-6)?
3
Suppose 5 = -3*v + 11. What is the remainder when 29 is divided by v?
1
Suppose 208 = 4*j + 3*z, -52 = j - 2*j - 5*z. Suppose 0*a - 24 = -4*s - 4*a, -3*a - 26 = -s. What is the remainder when j is divided by s?
8
Let x(r) be the first derivative of 3*r**4/4 - r**3 - 2. What is the remainder when 33 is divided by x(2)?
9
Let t(n) = -n + 1. Let m be ((-2)/6*0)/1. Let s be t(m). What is the remainder when 156/9 + s/(-3) is divided by 6?
5
Let h(u) = u**3 - 3*u**2 - 7*u - 5. Let v = -14 - -19. Let t(n) = n**2 + 4. What is the remainder when t(5) is divided by h(v)?
9
Suppose -48 = -0*u - u - 2*v, 2*u - 112 = 4*v. What is the remainder when 207 is divided by u?
51
Let r(s) = s**3 + 16. Let u be r(0). Suppose 2*z = -2*z + u. Suppose -5*d = z*g - 1 - 124, 0 = 2*g - d - 45. Calculate the remainder when g is divided by 13.
12
Let q = 16 - 2. Let l(x) = 3*x**2 - 6*x - 4. What is the remainder when l(-3) is divided by q?
13
Let b be 7672/63 - 4/(-18). Suppose -p - 12 = 2*p. Calculate the remainder when b/2 + (-3 - p) is divided by 16.
14
Suppose 46 = 3*f - 2. Calculate the remainder when 30 is divided by f.
14
Let j(d) = -2*d**3 - 2*d**2 + 2*d. Let s be j(-2). Suppose -s*o + 8 = -2*o. Let q(c) = c**2 - 3*c + 4. Calculate the remainder when q(o) is divided by 5.
3
Let z(h) = -8*h**3 - 2*h**2 + 1. Let g(w) = w**2 - 3*w + 2. Calculate the remainder when g(5) is divided by z(-1).
5
Suppose 2*i + 0*i - 3*c - 57 = 0, 2*c = -10. What is the remainder when 61 is divided by i?
19
Let n = 8 + -8. Calculate the remainder when (-4)/4 - (n - 28) is divided by 10.
7
Let t = 99 - 86. Calculate the remainder when 61 is divided by t.
9
Let b be 476/52 - 4/